{"id":71,"date":"2019-01-10T04:40:54","date_gmt":"2019-01-10T04:40:54","guid":{"rendered":"http:\/\/localhost\/test\/?page_id=71"},"modified":"2025-12-09T08:44:33","modified_gmt":"2025-12-09T08:44:33","slug":"borkostolo","status":"publish","type":"page","link":"https:\/\/schunkpince.hu\/index.php\/borkostolo\/","title":{"rendered":"Bork\u00f3stol\u00f3"},"content":{"rendered":"<div class=\"wpb-content-wrapper\"><p>[vc_row full_width=&#8221;stretch_row&#8221; pgscore_bg_type=&#8221;row-background-dark&#8221; pgscore_enable_responsive_settings=&#8221;true&#8221; el_id=&#8221;1522760235605-071d83ff-d634&#8243; css=&#8221;.vc_custom_1545888037037{padding-top: 100px !important;padding-bottom: 100px !important;background-position: center !important;background-repeat: no-repeat !important;background-size: cover !important;}&#8221; el_class=&#8221;bottom-pattern&#8221; element_css_md=&#8221;.vc_custom_1545888037040{padding-top: 80px !important;padding-bottom: 80px !important;}&#8221; element_css_sm=&#8221;.vc_custom_1545888037042{padding-top: 70px !important;padding-bottom: 70px !important;}&#8221; element_css_xs=&#8221;.vc_custom_1545888037043{padding-top: 60px !important;padding-bottom: 60px !important;}&#8221;][vc_column css=&#8221;.vc_custom_1539236992021{padding-top: 0px !important;}&#8221; offset=&#8221;vc_col-lg-offset-2 vc_col-lg-8 vc_col-md-offset-2 vc_col-md-8&#8243; el_id=&#8221;1765268419306-bc41509b-6ac8&#8243;][vc_custom_heading text=&#8221;Bork\u00f3stol\u00e1s&#8221; font_container=&#8221;tag:h3|text_align:center|color:%23ffffff&#8221; use_theme_fonts=&#8221;yes&#8221; css=&#8221;.vc_custom_1765268454986{margin-top: 20px !important;margin-bottom: 20px !important;}&#8221;][vc_row_inner el_id=&#8221;1765268827052-a94df37b-1005&#8243;][vc_column_inner width=&#8221;1\/2&#8243; el_id=&#8221;1765268827055-1cf02ff2-f30a&#8221;][vc_column_text css=&#8221;&#8221; el_class=&#8221;text-center&#8221;]<\/p>\n<p style=\"text-align: left;\">Szeretettel v\u00e1runk egy hangulatos bork\u00f3stol\u00f3ra. Foglald le id\u0151pontodat itt, \u00e9s l\u00e9pj vel\u00fcnk kapcsolatba<br \/>\na r\u00e9szletek\u00e9rt! Ig\u00e9ny eset\u00e9n meleg \u00e9telt vagy bork\u00eds\u00e9r\u0151 falatk\u00e1kat is biztos\u00edtunk. \u00c1rainkr\u00f3l \u00e9s aktu\u00e1lis<br \/>\nlehet\u0151s\u00e9geinkr\u0151l a Kapcsolat men\u00fcpontban tudsz \u00e9rdekl\u0151dni. \u00dcltetett, meleg \u00e9teles bork\u00f3stol\u00f3t<br \/>\n\u00e1ltal\u00e1ban 6 f\u0151t\u0151l v\u00e1llalunk, kisebb l\u00e9tsz\u00e1m eset\u00e9n pedig k\u00e9rj\u00fck, vedd fel vel\u00fcnk a kapcsolatot<br \/>\negyeztet\u00e9s c\u00e9lj\u00e1b\u00f3l.[\/vc_column_text][\/vc_column_inner][vc_column_inner width=&#8221;1\/2&#8243; el_id=&#8221;1765268838539-d6bf64ae-ad63&#8243;][vc_single_image image=&#8221;223&#8243; img_size=&#8221;large&#8221; alignment=&#8221;center&#8221; css=&#8221;&#8221;][\/vc_column_inner][\/vc_row_inner][\/vc_column][\/vc_row]<\/p>\n<\/div>","protected":false},"excerpt":{"rendered":"<p>[vc_row full_width=&#8221;stretch_row&#8221; pgscore_bg_type=&#8221;row-background-dark&#8221; pgscore_enable_responsive_settings=&#8221;true&#8221; el_id=&#8221;1522760235605-071d83ff-d634&#8243; css=&#8221;.vc_custom_1545888037037{padding-top: 100px !important;padding-bottom: 100px !important;background-position: center !important;background-repeat: no-repeat !important;background-size: cover !important;}&#8221; el_class=&#8221;bottom-pattern&#8221; element_css_md=&#8221;.vc_custom_1545888037040{padding-top: 80px !important;padding-bottom: 80px !important;}&#8221; element_css_sm=&#8221;.vc_custom_1545888037042{padding-top: 70px !important;padding-bottom: 70px !important;}&#8221; element_css_xs=&#8221;.vc_custom_1545888037043{padding-top: 60px !important;padding-bottom: 60px !important;}&#8221;][vc_column css=&#8221;.vc_custom_1539236992021{padding-top: 0px !important;}&#8221; offset=&#8221;vc_col-lg-offset-2 vc_col-lg-8 vc_col-md-offset-2 vc_col-md-8&#8243; el_id=&#8221;1765268419306-bc41509b-6ac8&#8243;][vc_custom_heading text=&#8221;Bork\u00f3stol\u00e1s&#8221; font_container=&#8221;tag:h3|text_align:center|color:%23ffffff&#8221; use_theme_fonts=&#8221;yes&#8221; css=&#8221;.vc_custom_1765268454986{margin-top: 20px !important;margin-bottom: 20px !important;}&#8221;][vc_row_inner el_id=&#8221;1765268827052-a94df37b-1005&#8243;][vc_column_inner width=&#8221;1\/2&#8243; el_id=&#8221;1765268827055-1cf02ff2-f30a&#8221;][vc_column_text css=&#8221;&#8221; el_class=&#8221;text-center&#8221;] Szeretettel v\u00e1runk [&hellip;]<\/p>\n","protected":false},"author":1,"featured_media":0,"parent":0,"menu_order":0,"comment_status":"closed","ping_status":"closed","template":"templates\/full-width.php","meta":{"footnotes":""},"class_list":["post-71","page","type-page","status-publish","hentry"],"_links":{"self":[{"href":"https:\/\/schunkpince.hu\/index.php\/wp-json\/wp\/v2\/pages\/71","targetHints":{"allow":["GET"]}}],"collection":[{"href":"https:\/\/schunkpince.hu\/index.php\/wp-json\/wp\/v2\/pages"}],"about":[{"href":"https:\/\/schunkpince.hu\/index.php\/wp-json\/wp\/v2\/types\/page"}],"author":[{"embeddable":true,"href":"https:\/\/schunkpince.hu\/index.php\/wp-json\/wp\/v2\/users\/1"}],"replies":[{"embeddable":true,"href":"https:\/\/schunkpince.hu\/index.php\/wp-json\/wp\/v2\/comments?post=71"}],"version-history":[{"count":7,"href":"https:\/\/schunkpince.hu\/index.php\/wp-json\/wp\/v2\/pages\/71\/revisions"}],"predecessor-version":[{"id":235,"href":"https:\/\/schunkpince.hu\/index.php\/wp-json\/wp\/v2\/pages\/71\/revisions\/235"}],"wp:attachment":[{"href":"https:\/\/schunkpince.hu\/index.php\/wp-json\/wp\/v2\/media?parent=71"}],"curies":[{"name":"wp","href":"https:\/\/api.w.org\/{rel}","templated":true}]}}